mmon divisor of 910 and 1190?
70
What is the greatest common divisor of 41 and 1517?
41
What is the highest common divisor of 244 and 2074?
122
What is the greatest common factor of 164 and 35014?
82
What is the highest common factor of 12 and 633?
3
Calculate the greatest common divisor of 1170 and 30.
30
What is the greatest common divisor of 88 and 4664?
88
Calculate the greatest common divisor of 83 and 581.
83
What is the highest common divisor of 464 and 16?
16
What is the highest common factor of 57772 and 44?
44
Calculate the greatest common factor of 209 and 4864.
19
What is the highest common divisor of 1064 and 24?
8
Calculate the highest common divisor of 2929 and 707.
101
What is the greatest common divisor of 5 and 560?
5
Calculate the highest common divisor of 14 and 329.
7
What is the highest common divisor of 7 and 77?
7
What is the highest common factor of 420 and 5?
5
Calculate the greatest common factor of 5518 and 356.
178
What is the highest common factor of 304 and 16?
16
What is the highest common factor of 15885 and 18?
9
What is the greatest common factor of 272 and 5072?
16
What is the highest common factor of 2241 and 166?
83
What is the greatest common factor of 12 and 7212?
12
What is the highest common factor of 1302 and 124?
62
What is the highest common divisor of 322 and 3703?
161
Calculate the highest common factor of 177 and 1475.
59
Calculate the highest common factor of 121 and 352.
11
What is the greatest common divisor of 126 and 12222?
126
What is the highest common divisor of 9 and 20205?
9
What is the highest common divisor of 46 and 19803?
23
Calculate the greatest common divisor of 85230 and 90.
90
Calculate the highest common divisor of 76 and 95.
19
What is the highest common factor of 20 and 126?
2
Calculate the highest common divisor of 3882 and 30.
6
Calculate the greatest common factor of 7 and 8.
1
Calculate the highest common factor of 12 and 846.
6
Calculate the greatest common divisor of 10 and 230.
10
What is the highest common factor of 660 and 8360?
220
What is the greatest common divisor of 12956 and 41?
41
Calculate the highest common factor of 638 and 22.
22
Calculate the greatest common factor of 204 and 36.
12
Calculate the highest common factor of 130 and 26.
26
Calculate the highest common divisor of 1957 and 76.
19
What is the greatest common divisor of 14 and 441?
7
Calculate the highest common divisor of 7966 and 7.
7
What is the highest common divisor of 14992 and 48?
16
Calculate the greatest common factor of 18 and 414.
18
Calculate the highest common divisor of 22 and 176.
22
What is the highest common factor of 16 and 252?
4
Calculate the highest common divisor of 33681 and 103.
103
Calculate the highest common factor of 42 and 266.
14
What is the highest common divisor of 4464 and 18?
18
What is the greatest common divisor of 294 and 3332?
98
Calculate the highest common factor of 728 and 112.
56
Calculate the greatest common factor of 412 and 5459.
103
Calculate the highest common factor of 1808 and 64.
16
What is the greatest common factor of 24 and 816?
24
What is the highest common factor of 18 and 342?
18
What is the highest common divisor of 2118 and 24?
6
Calculate the highest common divisor of 15450 and 15.
15
Calculate the greatest common divisor of 28 and 14462.
14
Calculate the greatest common factor of 1490 and 10.
10
What is the highest common factor of 31 and 775?
31
What is the highest common divisor of 12093 and 87?
87
Calculate the greatest common factor of 54 and 594.
54
What is the greatest common factor of 377 and 26?
13
Calculate the highest common divisor of 33 and 51.
3
Calculate the highest common factor of 198 and 462.
66
Calculate the highest common factor of 63 and 27.
9
Calculate the greatest common factor of 80 and 1640.
40
Calculate the highest common divisor of 90 and 135.
45
What is the highest common divisor of 40 and 7260?
20
What is the greatest common factor of 655 and 25?
5
What is the highest common factor of 13 and 884?
13
Calculate the greatest common divisor of 168 and 16.
8
Calculate the highest common factor of 78 and 9984.
78
What is the greatest common factor of 927 and 54?
9
Calculate the greatest common factor of 126 and 168.
42
Calculate the highest common divisor of 553 and 79.
79
What is the highest common divisor of 245 and 280?
35
What is the highest common divisor of 1458 and 468?
18
What is the greatest common factor of 94 and 4?
2
What is the highest common factor of 225 and 2385?
45
What is the greatest common factor of 130 and 104?
26
Calculate the greatest common factor of 1377 and 102.
51
What is the greatest common factor of 39624 and 78?
78
Calculate the greatest common divisor of 824 and 8.
8
Calculate the greatest common divisor of 25 and 525.
25
What is the greatest common factor of 413 and 236?
59
Calculate the greatest common divisor of 376 and 9964.
188
What is the greatest common factor of 1472 and 23?
23
Calculate the highest common factor of 214 and 6.
2
Calculate the greatest common divisor of 12382 and 164.
82
Calculate the highest common divisor of 118 and 6313.
59
Calculate the highest common divisor of 136 and 493.
17
What is the highest common divisor of 1309 and 539?
77
Calculate the greatest common divisor of 1302 and 682.
62
What is the greatest common factor of 126 and 108?
18
What is the greatest common divisor of 444 and 4551?
111
Calculate the highest common divisor of 147 and 6272.
49
What is the highest common factor of 70 and 15?
5
What is the highest common factor of 275 and 3465?
55
What is the highest common factor of 1659 and 63?
21
Calculate the highest common divisor of 21 and 147.
21
What is the highest common factor of 1247 and 1892?
43
What is the greatest common factor of 238 and 425?
17
What is the greatest common factor of 2314 and 4361?
89
What is the greatest common divisor of 8946 and 98?
14
What is the highest common factor of 30 and 270?
30
Calculate the greatest common divisor of 18 and 414.
18
What is the greatest common divisor of 306 and 1122?
102
What is the highest common divisor of 306 and 72?
18
Calculate the highest common divisor of 134 and 60.
2
What is the greatest common factor of 18 and 8?
2
What is the greatest common factor of 46 and 368?
46
What is the highest common divisor of 98 and 2?
2
What is the highest common factor of 22 and 506?
22
What is the highest common factor of 352 and 66?
22
Calculate the highest common factor of 42 and 231.
21
Calculate the greatest common factor of 6685 and 573.
191
Calculate the greatest common factor of 2403 and 162.
27
Calculate the highest common factor of 696 and 432.
24
What is the highest common divisor of 88 and 55?
11
What is the highest common factor of 14 and 1001?
7
What is the greatest common factor of 42 and 4?
2
Calculate the greatest common factor of 7 and 623.
7
Calculate the highest common divisor of 24 and 111.
3
What is the highest common factor of 248 and 88?
8
What is the highest common factor of 330 and 16995?
165
What is the highest common factor of 1758 and 66?
6
What is the highest common divisor of 10 and 15?
5
What is the greatest common divisor of 493 and 145?
29
Calculate the highest common divisor of 276 and 1488.
12
Calculate the greatest common factor of 2646 and 36.
18
What is the highest common factor of 52 and 1521?
13
Calculate the greatest common divisor of 230 and 20.
10
What is the highest common divisor of 18 and 6?
6
What is the greatest common factor of 322 and 92?
46
What is the greatest common divisor of 168 and 84?
84
What is the greatest common factor of 6690 and 30?
30
What is the greatest common divisor of 1288 and 8?
8
What is the greatest common divisor of 144 and 120?
24
Calculate the highest common divisor of 33 and 4433.
11
Calculate the highest common factor of 1122 and 816.
102
What is the highest common factor of 620 and 320?
20
Calculate the greatest common divisor of 26 and 2314.
26
Calculate the highest common factor of 52 and 299.
13
Calculate the greatest common factor of 35 and 485.
5
Calculate the highest common factor of 24 and 618.
6
Calculate the greatest common factor of 10250 and 2665.
205
Calculate the highest common factor of 5111 and 269.
269